False
Does 488 divide 67511861?
False
Is 17 a factor of 522584072?
False
Does 1026 divide 41310516?
False
Does 226 divide 72524270?
False
Is 1485283 a multiple of 13?
False
Does 3022 divide 61516337?
False
Is 56819157 a multiple of 2441?
True
Is 8 a factor of 112710678?
False
Is 2825 a factor of 92513806?
False
Is 283109729 a multiple of 97?
True
Is 592 a factor of 31432832?
True
Does 7 divide 38286458?
True
Is 7742466 a multiple of 44?
False
Is 95 a factor of 19901674?
False
Is 119450210 a multiple of 3704?
False
Is 4253 a factor of 514651277?
True
Does 18 divide 1221765858?
True
Is 55783586 a multiple of 121?
False
Does 789 divide 178828428?
True
Is 11367801 a multiple of 1185?
False
Is 144024 a multiple of 8?
True
Is 490 a factor of 191313331?
False
Is 25363182 a multiple of 6?
True
Is 10452806 a multiple of 14?
True
Does 34 divide 1118464442?
True
Is 2187929186 a multiple of 3373?
False
Is 39486866 a multiple of 1168?
False
Is 103200966 a multiple of 891?
True
Does 1086 divide 386357332?
False
Does 677 divide 196660995?
False
Is 18 a factor of 7173792?
True
Is 250543018 a multiple of 117?
False
Is 257578628 a multiple of 372?
False
Is 1878450140 a multiple of 48?
False
Is 3750164425 a multiple of 3895?
True
Is 774359 a multiple of 2?
False
Is 44103003 a multiple of 27?
False
Is 6 a factor of 17115458?
False
Is 139885573 a multiple of 1036?
False
Is 377112304 a multiple of 232?
False
Is 87882951 a multiple of 13?
True
Is 9926407 a multiple of 5?
False
Is 360 a factor of 65699006?
False
Does 3 divide 7768860?
True
Is 166930540 a multiple of 283?
False
Is 1666 a factor of 28135408?
True
Is 627 a factor of 184043937?
True
Is 10 a factor of 19965204?
False
Is 427 a factor of 192006955?
True
Is 3626522 a multiple of 16?
False
Is 18 a factor of 1808581230?
True
Is 518830899 a multiple of 579?
True
Is 697623817 a multiple of 11?
True
Is 364031226 a multiple of 1074?
True
Is 2 a factor of 12773639?
False
Is 24 a factor of 145012119?
False
Is 1453445 a multiple of 35?
True
Is 62389219 a multiple of 13?
False
Does 455 divide 793423269?
False
Does 100 divide 281293600?
True
Is 849 a factor of 143802771?
True
Is 187313406 a multiple of 3499?
False
Is 154429263 a multiple of 20?
False
Is 70833615 a multiple of 37?
False
Is 38 a factor of 211910116?
True
Is 1164875246 a multiple of 3410?
False
Is 22293964 a multiple of 4?
True
Does 19 divide 213622187?
True
Does 24 divide 178932048?
True
Is 4391129 a multiple of 3?
False
Does 11 divide 51116791?
True
Is 103 a factor of 2597557?
True
Is 36279246 a multiple of 114?
True
Does 711 divide 685891249?
False
Is 1239826022 a multiple of 8?
False
Is 397 a factor of 763187639?
True
Does 14 divide 258726454?
True
Does 346 divide 123824141?
False
Is 958 a factor of 8080730?
True
Is 1629 a factor of 274568613?
False
Is 21 a factor of 94576001?
False
Does 478 divide 185149109?
False
Is 33 a factor of 6919341?
True
Does 527 divide 9511122?
False
Does 2 divide 389825?
False
Does 3190 divide 23382132?
False
Does 6992 divide 297600496?
True
Does 3 divide 579900?
True
Does 13 divide 83519436?
True
Is 496590301 a multiple of 294?
False
Is 47869095 a multiple of 1502?
False
Is 7 a factor of 235531443?
True
Does 443 divide 59559177?
False
Is 56714893 a multiple of 15?
False
Is 338 a factor of 16012412?
True
Does 469 divide 6401582670?
True
Is 1016326122 a multiple of 16?
False
Does 81 divide 36525897?
True
Does 1388 divide 24866393?
False
Does 9 divide 739780649?
False
Does 3 divide 54684005?
False
Does 58 divide 8583317?
False
Is 3 a factor of 15054651?
True
Is 16 a factor of 84809576?
False
Does 10143 divide 2437059684?
False
Does 35 divide 17980237?
False
Does 2791 divide 50466406?
False
Is 21751146 a multiple of 1266?
True
Does 3 divide 22507717?
False
Is 53925159 a multiple of 61?
True
Is 426800 a multiple of 88?
True
Is 116 a factor of 237960312?
True
Does 1599 divide 2316779907?
True
Is 5 a factor of 32029698?
False
Is 574 a factor of 2542708814?
False
Does 129 divide 2199018059?
False
Is 245389020 a multiple of 102?
False
Does 639 divide 40639248?
False
Does 155 divide 257780810?
True
Is 1185779785 a multiple of 1574?
False
Is 406297223 a multiple of 28?
False
Is 87 a factor of 70547955?
False
Is 3907544043 a multiple of 851?
False
Is 1976 a factor of 4103541?
False
Does 314 divide 324075349?
False
Does 188 divide 1429658491?
False
Is 519543391 a multiple of 3556?
False
Is 700255502 a multiple of 273?
False
Does 146 divide 524459740?
True
Is 840 a factor of 140657572?
False
Is 667 a factor of 85828893?
True
Is 43 a factor of 461165002?
False
Is 267 a factor of 3650958?
True
Is 6337 a factor of 181459995?
True
Does 7743 divide 965374011?
True
Is 8 a factor of 300153917?
False
Is 14 a factor of 75999616?
True
Is 4248 a factor of 3248275680?
True
Is 37580300 a multiple of 142?
True
Is 1919 a factor of 45441101?
False
Is 1895288290 a multiple of 12?
False
Is 217 a factor of 317731617?
True
Is 13 a factor of 62842221?
True
Is 13148730 a multiple of 68?
False
Does 61 divide 11577007?
True
Is 39522804 a multiple of 1571?
False
Is 15 a factor of 480149966?
False
Is 54 a factor of 294392514?
False
Is 377047938 a multiple of 7?
False
Is 526 a factor of 40707139?
False
Does 466 divide 148082684?
True
Does 161 divide 1065026794?
False
Does 903 divide 30255918?
True
Is 119318686 a multiple of 10?
False
Is 766465281 a multiple of 37?
False
Does 28 divide 846802292?
True
Does 31 divide 62205934?
False
Does 2 divide 34429815?
False
Does 377 divide 47335743?
True
Is 1505 a factor of 2436942655?
True
Is 695368652 a multiple of 43?
True
Is 45 a factor of 131019840?
True
Does 11 divide 8343821?
False
Is 18555425 a multiple of 396?
False
Is 26 a factor of 9405084?
True
Is 811 a factor of 3048549?
True
Is 2176968 a multiple of 29?
False
Does 29 divide 612531?
False
Is 167 a factor of 1839279717?
True
Is 50616675 a multiple of 207?
True
Is 7 a factor of 67818148?
False
Does 59 divide 2245422?
True
Is 55949348 a multiple of 95?
False
Is 38 a factor of 1671561024?
True
Does 35 divide 149251305?
True
Is 1400 a factor of 305565400?
True
Is 2803191836 a multiple of 41?
False
Is 1517616400 a multiple of 1432?
False
Does 390 divide 348068807?
False
Does 760 divide 61631202?
False
Is 36324852 a multiple of 12?
True
Is 19315100 a multiple of 2050?
True
Does 190 divide 23697087?
False
Is 2019 a factor of 2518482429?
True
Is 78096825 a multiple of 925?
True
Is 74 a factor of 190906310?
True
Is 28256760 a multiple of 280?
True
Is 907120080 a multiple of 1640?
True
Is 7 a factor of 80152303?
True
Is 1927 a factor of 28604047?
False
Does 363 divide 4941519?
True
Is 2180 a factor of 1005784420?
True
Is 7 a factor of 869984559?
False
Is 1286 a factor of 346071590?
False
Is 55 a factor of 3175726?
False
Is 127980219 a multiple of 87?
True
Is 275 a factor of 22795300?
True
Does 926 divide 795215896?
False
Is 13472257 a multiple of 18?
False
Does 175 divide 36077125?
True
Does 1749 divide 12767700?
True
Is 87821346 a multiple of 3?
True
Does 1766 divide 54977611?
False
Is 65046905 a multiple of 535?
True
Does 289 divide 130533233?
False
Is 850 a factor of 1105223628?
False
Is 7685434 even?
True
Does 33 divide 1993643186?
False
Is 2290 a factor of 158106180?
True
Is 445867515 a multiple of 4473?
False
Does 9898 divide 5830562284?
False
Is 60 a factor of 3947833?
False
Is 387 a factor of 10163781?
True
Is 11004626 a multiple of 9?
False
Is 3868 a factor of 894875058?
False
Does 91 divide 12411399?
True
Does 235 divide 9438393?
False
Is 7 a factor of 18356037?
True
Is 17420884 a multiple of 9?
False
Is 17 a factor of 62645663?
True
Is 7023500 a multiple of 22?
True
Is 190 a factor of 14696135?
False
Is 70003112 a multiple of 561?
False
Does 11 divide 659498004?
True
Is 171 a factor of 386690215?
False
Is 65 a factor of 924164?
False
Is 4228 a factor of 530982660?
False
Is 3070667995 a multiple of 19?
True
Is 51 a factor of 75740202?
True
Is 884 a factor of 126076964?
True
Is 1307 a factor of 65104284?
True
Does 100 divide 24292000?
True
Is 163 a factor of 390695522?
False
Does 166 divide 48276950?
True
Is 1409786247 a multiple of 14?
False
Does 3 divide 873239?
False
Is 134 a factor of 1948589140?
True
Does 18 divide 1364472?
True
Does 988 divide 6611608?
Fa